)*-4. Suppose -5*z + m = -2574. Is z a prime number?
False
Let g be (0 - -1)*(7 + -9). Is (881/g - -2)*-2 composite?
False
Let p be (-8 - -3) + (-8)/(-2). Is -225*(-8)/4 - p a prime number?
False
Is 45970/4*(57/5 - 11) prime?
True
Let k(b) = -b**3 - 8*b**2 - 7*b. Let c be k(-7). Suppose -n + 2*n - 541 = c. Is n prime?
True
Suppose -4*s - 5333 = -9*s + 3*j, 3*j - 5357 = -5*s. Is s composite?
False
Let a = 486 - 71. Is a a prime number?
False
Is 31639/(9/3 + 32/(-16)) a prime number?
False
Let w(g) = -242*g - 5. Let z(x) = x - 1. Let r be z(-1). Is w(r) a prime number?
True
Let z be 3*(6/9)/2. Let i be (-1 - z)/((-6)/12). Suppose -5*m - 858 = -2*b, -b = -i*b + 3*m + 1269. Is b composite?
False
Let p(n) = n + 6. Let g be p(6). Suppose -2*s + 0*s + g = -f, s + f - 6 = 0. Is (-5)/(-30) + 275/s a prime number?
False
Is (-7 - 43567)/(1 + -3) prime?
True
Suppose -b + 4*b = 62103. Is b a composite number?
True
Let x(d) = d**3 - d**2 - d. Let j be x(2). Let a be (7 + 2)/(-1) - j. Let o(h) = h**3 + 14*h**2 - 11*h + 13. Is o(a) a composite number?
True
Let h be -20*3*-34 + 1. Suppose -159 = -2*x + h. Suppose 0 = -4*q + x - 280. Is q composite?
True
Let j = 0 - -147. Let a = -104 + j. Is (-6)/(-24) + a/4 composite?
False
Let n(d) = -430*d - 403. Is n(-11) a composite number?
False
Let q(j) = -j**2 + 8*j - 6. Let m be q(6). Let c = m + -3. Suppose c*b = -3, b + 287 = 4*t - 358. Is t composite?
True
Let w = -59 + 61. Suppose -4606 = -4*u + 2*f, w = f + 3. Is u prime?
True
Let f = -504 + 1055. Suppose 7*i - f = -138. Is i composite?
False
Let s(z) = -6 + 22 - 39*z + 3. Is s(-8) prime?
True
Let k be ((-60)/5)/(6/(-4)). Let g(q) = 8*q**2 + 9*q - 19. Is g(k) a prime number?
False
Let c be 2/(-7) - (-4950)/126. Let k = c + 1496. Suppose -11*g = -12*g + k. Is g composite?
True
Let x(u) = 864*u**2 - 9*u + 15. Is x(2) a prime number?
False
Suppose 12 = q - 5*q. Let f(j) = 16*j**2 - j - 2. Is f(q) composite?
True
Let d be 12/10*(5 + 0). Suppose -d*f + 159 = -3*f. Suppose -f = -h - 4*u, -46 = -2*h + 4*u - 0*u. Is h prime?
False
Let o = -1279 + 2156. Is o a prime number?
True
Suppose -27*y - 776 = -19*y. Let f be ((-424)/10)/(2/10). Let g = y - f. Is g a composite number?
True
Let n(s) = 292*s - 1. Let x be n(4). Suppose -2329 = -4*m - b - 2*b, 2*m + b - x = 0. Is m prime?
False
Let t(w) = 4*w**2 + 1. Let r be t(4). Suppose n + 314 = 3*l + 5*n, 4*n - 8 = 0. Let j = l - r. Is j prime?
True
Let l = -955 + 2336. Is l a prime number?
True
Suppose 4*s - 91 = -35. Suppose -5*g - 4 + s = 0. Suppose 78 = g*j - 5*h, j - 2*h + 98 = 4*j. Is j composite?
True
Let v(h) = 277*h + 2. Let d = 3 - 12. Let i(t) = -138*t - 1. Let y(f) = d*i(f) - 4*v(f). Is y(2) composite?
False
Suppose 5*p = 483 + 7. Let y = 493 - p. Is y a composite number?
True
Suppose 31 = 2*c - 5*r, -2*c + 4*r + 26 = -0*r. Suppose -2*n + 2*s = -0*s - 1508, c*s - 2981 = -4*n. Is n prime?
False
Suppose 2*m = 3*k - 3647, -4081 = -4*k - 3*m + 793. Is k composite?
False
Let g be 2/6 + (-44)/(-12). Suppose -2*w + 164 = 2*h, g*w - 5*w + 82 = 2*h. Is w a composite number?
True
Let y(g) = 2*g + 4. Let r be y(-3). Let f(p) = -121*p - 7. Is f(r) a prime number?
False
Suppose 5*q + 49 + 16 = 0. Let a = q + 11. Is 3/((-3)/a) - -147 a prime number?
True
Let o be (818/3)/((-7)/(-21)). Let l = -511 + o. Is l composite?
False
Suppose -20279 = -13*q + 78612. Is q prime?
True
Let g = 65 - 60. Suppose -432 = 4*b - 4*n - 2372, g*n = 10. Is b a composite number?
False
Let u(z) = 11461*z - 133. Is u(6) prime?
True
Is 91/(-13) - (-22104 + 6) a prime number?
True
Suppose -4*r = i - 0*r + 5, 0 = i - 2*r + 29. Let q = i - -34. Is (-1869)/(-4) + q/(-52) composite?
False
Let m be (0 + 0)/(0 - 1). Suppose m = -5*z + 452 - 47. Suppose 0 = -2*l + 77 + z. Is l composite?
False
Suppose 3*j - 11*i = -7*i + 1619, -5*j + 3*i + 2702 = 0. Is j composite?
False
Let p(x) = -x**2 + 3*x + 12. Let s be p(5). Let g(t) = 43*t - 3. Is g(s) a prime number?
True
Let m(o) = 91*o**2 - 12*o + 16. Is m(7) a composite number?
False
Let t(z) = 13*z**3 - 9*z**2 - 15*z + 33. Is t(10) a prime number?
False
Suppose -20 = 4*u, 4*w = 5*u - 32 + 129. Let d(q) = 180*q + 125*q - 16 + w. Is d(1) composite?
False
Suppose -9*y + 397285 = 26*y. Is y prime?
True
Let x = -14 - -16. Suppose 4*g - 1 = 2*r + 3, 2*g = 2*r + x. Is (r + -317)/(-4 - -3) a composite number?
False
Suppose j - 2*x = -7 - 4, -20 = 2*j - 5*x. Let n = j + 11. Is (-698)/(-3) - n/12 composite?
False
Suppose 0 = 3*j - 3*q + 21, 2*q - 11 = 5*j + 3*q. Let a(l) = 31*l**2 - 4*l + 5. Let i be a(-5). Is i/(0 + 2) + j a prime number?
True
Let v(o) = o**3 + 3*o**2 - 10*o + 3. Let a be v(-5). Suppose 2*p = -4*w + 418, -2*p - a*p + 1054 = w. Is p a composite number?
False
Suppose 2*q - 582 = -2*y, -5*y - 9 = 11. Suppose -246 - q = -v. Is v composite?
False
Suppose -v - 3*v + 1192 = 0. Suppose -5*a = -v + 88. Let z = a - -11. Is z composite?
False
Let z = -3 + 17. Let l be -1 + -1 + 112/z. Suppose -1 = -r - 3*j + l, -31 = -r + 3*j. Is r prime?
True
Is (-1)/(((-1)/298388)/((-30)/(-120))) prime?
True
Is (0 - -1163)*((-6 - -5) + 2) a prime number?
True
Let p = -78 - -94. Suppose -p*q - 5919 = -19*q. Is q a prime number?
True
Suppose l + 385 = 4*q, -3*l - 46 = -2*q + 149. Let w = 1051 - q. Is w prime?
False
Suppose 9*j - 6137 = -3*y + 4*j, 0 = 4*y + j - 8160. Is y composite?
False
Let k = -30 - -31. Suppose -3*n + 4*y + k = 0, -3*n - 5*y = -n - 16. Suppose n*g - s + 2*s = 1209, -4*g = -4*s - 1612. Is g a prime number?
False
Let j be 2 + -2 - (-3 + 2). Suppose -s + 0 = j. Is 1 + (s + 129)*2 a prime number?
True
Suppose -7 = t - 3*q - 16, 4*q + 4 = 4*t. Suppose j = 2 + 1. Is (t/9)/(j/(-3033)) prime?
True
Let g = 2496 - 2465. Is g prime?
True
Suppose -1 = -2*s + 5, -2*s + 10 = -4*p. Let y = 5 - 8. Is (372/y)/p + -3 a composite number?
True
Let q(u) be the third derivative of -6*u**2 + 0 + 13/12*u**4 + 0*u - 13/6*u**3. Is q(7) a composite number?
True
Suppose 0 = 33*b - 119352 + 783. Is b a composite number?
False
Let p = 249 - 101. Is (862/(-6))/(7 + p/(-21)) a prime number?
False
Let d be 62/12 + -1 - (-5)/(-30). Suppose -3*b - d*g + 3511 = 0, 3*b + 5*g - 2*g = 3507. Is b a prime number?
False
Let d = -101 + 106. Is (-51565)/(-20) + (45/12)/d a composite number?
False
Suppose 2*k - 10194 = b, 2*k - 10182 = 7*b - 3*b. Is k prime?
True
Suppose 5*f = 5*u + 3*f - 365, 3*f + 146 = 2*u. Suppose -5*j + 2703 = u. Is j composite?
True
Suppose 0 = 2*f + 4, 0 = -2*y - f - 1 - 1. Suppose l + 2*l + 2*c - 2915 = y, 2*l - 3*c = 1952. Is l a prime number?
False
Let y(i) = -408*i + 63. Is y(-5) prime?
False
Let d be (-1)/(-4) + (-309)/4. Let p be 0/(-1) + (-205 - -1). Let i = d - p. Is i a prime number?
True
Suppose 4*y - 3*v + 6*v - 49795 = 0, 5*y = -v + 62252. Is y a composite number?
False
Let h(t) = -44*t + 3. Let u be h(-3). Let m be (-6)/(-8) + (-893)/(-4). Let z = m - u. Is z a composite number?
False
Suppose 5*i - 11983 - 20472 = 0. Is i a prime number?
True
Let p(i) = -19*i - 6. Let v(g) = -20*g - 7. Let t(m) = 3*p(m) - 2*v(m). Is t(-7) composite?
True
Let m = -10513 + 19248. Is m prime?
False
Suppose 0 = 3*d + u - 11, 2*d - 4*u = u + 30. Suppose -2*w + 3037 = w - 2*x, -2*w = -d*x - 2043. Is w a prime number?
True
Is 14/35 - 101552/(-20) a prime number?
False
Let n(j) = 3*j**2 - 6*j + 5. Let z be n(1). Suppose -302 - 24 = -z*t. Is t a prime number?
True
Suppose q = 2*l - 81153, 5*l - 10*l + 2*q = -202883. Is l a prime number?
True
Is (13 - 19)*((-38486)/12 - -1) a composite number?
False
Let i be (55/(-15))/(3/9). Let j(s) = -7*s. Is j(i) prime?
False
Suppose w - 2*s = -2*w + 17, -2*s = -w + 11. Suppose w*o - 2*x = -7*x - 5, 4*o + 3*x = 8. Suppose o*m - c = 1460, -m - c - 581 = -3*m. Is m composite?
False
Suppose -14*w - 15*w = -76937. Is w prime?
False
Suppose -5*x = -0*w - 4*w + 6, w + 6 = 5*x. Suppose x*c + 0*c - 316 = 0. Is c composite?
True
Suppose 2*d - 9389 = -2475. Is d composite?
False
Let c = 15278 - 9204. Is c a prime number?
False
Let c = 2182 + -289. Is c a composite number?
True
Let y(r) = -r**3 - 6*r**2 + 6*r + 3. Let x be y(-7). Suppose x*n = 2*n + 24. Suppose b - n*u - 78 = 0, -2*u - 282 = -2*b - 2*b. Is b a composite number?
True
Let z = -2949 + 23266. Is z a prime number?
False
Suppose 3*b + w + w - 8 = 0, -3*b - w = -